 0 = -5*p + b*p + 20. Calculate the highest common factor of 30 and p.
10
Let y = -19 - -15. Let h = y - -7. Calculate the highest common factor of 1 and h.
1
Let j be (1 - -1)*9/6. Suppose 0 = -l + j*p - 1, -3*l + 3*p + 2 + 1 = 0. Suppose l = 2*h - 8. What is the highest common divisor of h and 35?
5
Let t be 1/(-5) - (-3)/(45/903). What is the greatest common divisor of t and 30?
30
Suppose -4*c + 54 = -3*c. Suppose -5*m + 97 = -0*y + y, 2*y - c = -3*m. Suppose 0 = 3*n - 46 - m. Calculate the highest common factor of 33 and n.
11
Suppose -4*v + 7 = -49. Calculate the greatest common factor of v and 14.
14
Let h be -2*1/2 - -15. Let t = 1 - -1. Suppose g - t = -0. What is the highest common divisor of g and h?
2
Let t = -68 + 77. Let c be (8/(-10))/((-2)/10). Suppose -3*h - c*b = 1, 6*h - 2*h = -4*b. What is the highest common divisor of h and t?
1
Let m be (77/(-2))/((75/(-10))/15). What is the highest common divisor of 7 and m?
7
Let s be 4/6*(-1086)/(-4) - -4. Calculate the greatest common divisor of 74 and s.
37
Let x(m) = 3*m - 8. Let f be x(6). Let s be 30/12*(37 - 1). Calculate the highest common divisor of s and f.
10
Let u be ((-40)/(-32))/(1/28). Let t = 9 + 8. Let o = t + -3. What is the highest common factor of u and o?
7
Let g = 18 - 3. Calculate the highest common factor of 165 and g.
15
Let b(j) = 2*j**3 + 4*j**2 - 2*j. Let n be b(3). What is the greatest common factor of 21 and n?
21
Let o(n) = -n**2 + 9*n + 8. Let f be o(9). Suppose -3*d + 32 = -2*a, 6*d + a = 5*d + 4. What is the greatest common divisor of f and d?
8
Suppose 2*y + 3*y = 3*z - 88, z - 36 = 5*y. Let i(n) = 2*n**2 + 9*n - 5. Let f be i(-6). Calculate the highest common divisor of f and z.
13
Let v = 17 + -7. Suppose 0 = 5*r + v, 2*u - 7 + 1 = -r. Suppose -3*w - z + 60 = -0*w, -20 = -w + 5*z. What is the highest common divisor of w and u?
4
Let u be 20/25*(-5)/(-2). Suppose 0 = 3*w - 4*w + u. Calculate the greatest common divisor of w and 8.
2
Suppose -2*o + 15*o = 104. What is the greatest common divisor of o and 2?
2
Let z be (-2 + (-766)/2)*(-8 + 7). Calculate the greatest common factor of z and 35.
35
Let i = 4 + -4. Let h = i - -5. What is the greatest common divisor of h and 45?
5
Let p be (0/(-1))/(1/1). Let n be p + (0 - 0) - -8. Suppose z - 2*x = 18, 4*z + 4*x - n*x - 52 = 0. Calculate the highest common factor of z and 8.
8
Suppose -10*u = 68 - 288. Calculate the greatest common factor of u and 2.
2
Suppose -n - 47 = -t, 3*t - 3*n = n + 143. Calculate the highest common factor of 5 and t.
5
Let y = -42 + 81. What is the greatest common factor of 312 and y?
39
Let z = 37 - 57. Let k be ((-7)/(14/z))/1. Let q(a) = -25*a. Let i be q(-1). Calculate the greatest common factor of k and i.
5
Let d be ((-14)/8 - -1)*-4. Suppose -z - 56 = -d*z. Calculate the greatest common factor of 42 and z.
14
Let f be (-204)/(-9) - 2/3. What is the highest common factor of 22 and f?
22
Let n = -2 - -6. Let t(z) = z + 10. Let s be t(-4). Suppose -a + k - 101 = -s*a, -n = k. Calculate the greatest common factor of a and 3.
3
Suppose 61 - 97 = -2*i. What is the greatest common factor of 162 and i?
18
Let a = -14 - -18. Suppose -a*i + 195 = i. Suppose 3*s - 2*r = -2 + 80, -s + 26 = -3*r. What is the greatest common factor of i and s?
13
Suppose 3*a = -3*d + 9, -3*a + 4 = -5*a - 4*d. Suppose -z = -x + 7, a + 21 = 4*x - 3*z. What is the highest common divisor of 72 and x?
8
Suppose c - 3*c + 44 = 3*r, 5*c - 110 = -3*r. What is the greatest common divisor of c and 55?
11
Let i be (-6)/(-4)*(3 + -1). Let d(o) = o**3 - o**2 - 3*o - 2. Let w be d(i). Calculate the highest common divisor of 49 and w.
7
Let c = -94 - -148. What is the greatest common divisor of 36 and c?
18
Suppose -4*s = 4*j - 36, 3*j + 4*s - 17 = 7. Let g = 123 + j. Suppose -2*x = -q + 42, 5*x - 13 + g = 3*q. Calculate the greatest common factor of q and 85.
17
Let s(r) be the third derivative of -r**2 + 1/6*r**3 - 1/8*r**4 + 0*r + 0. Let v be s(-1). What is the greatest common divisor of v and 12?
4
Suppose 0 = -m - 2*m + 21. Suppose -61 = -2*y - 2*j + 35, 5*j - 191 = -4*y. What is the greatest common factor of y and m?
7
Suppose 0 = t + 5*w - 11, 3*w - 33 = -5*t - 0*t. Suppose -4*q = -2*q. Suppose q = v - 5*j + 4, 2*j - 2 = t. What is the highest common factor of v and 40?
8
Suppose 2*p = -0*p + 30. Calculate the highest common divisor of 30 and p.
15
Let f(w) = -w + 4. Let g be f(-12). Suppose 160 = 4*k - 2*k. Calculate the highest common factor of g and k.
16
Let o(r) be the first derivative of -r**3/3 - 5*r**2 + 1. Let p be o(-6). Calculate the highest common divisor of p and 4.
4
Let y = 1 + 11. Let i = 63 + -59. What is the highest common divisor of i and y?
4
Let i = 69 - 25. Let b(l) = -l - 2. Let m be b(-6). What is the greatest common divisor of m and i?
4
Suppose 4*l - 2 = -5*u - 4, l = -5*u - 8. Calculate the highest common factor of l and 18.
2
Suppose 0 = -5*y + 17 + 18. Let z be (2 + y)/(2/6). Suppose 2*a + 2 = 8. Calculate the highest common factor of a and z.
3
Let u(b) = 41*b**3 + b. Let p be u(-1). Let h be (-4)/(8/p) - -1. What is the highest common divisor of h and 2?
2
Let q be (-5034)/(-24) + (11/(-4) - -3). What is the highest common divisor of 30 and q?
30
Suppose 2*m - 2*p - 35 = 67, m - 69 = -5*p. What is the greatest common divisor of 18 and m?
18
Suppose -p - p = -6. Suppose -5*s = 5, i + 3*i - 322 = -2*s. Suppose -213 = -4*b - i. What is the greatest common factor of p and b?
3
Suppose 2*m = 4*d - 296, -5*m - 148 = -2*d + 16. What is the highest common factor of d and 9?
9
Suppose -3*h + 195 = 5*p, -h - 2*h + 3*p + 195 = 0. Calculate the highest common factor of h and 26.
13
Suppose -5*a - 112 = -3*g, 3*g - 5*a = -10*a + 152. What is the highest common factor of 11 and g?
11
Let f be (1 + -2 - -1)/(-2). Suppose 4*o = -f*o - t + 36, 0 = -5*o - 5*t + 30. What is the greatest common factor of 10 and o?
10
Suppose -17 = -3*d + 1. Let j = -81 + 135. Calculate the greatest common divisor of d and j.
6
Suppose -1 = -m, -2*q + 0*q - 2 = -2*m. Suppose q*w + 165 = 3*w. Calculate the greatest common factor of 11 and w.
11
Let a(h) = h**3 - 9*h**2 - 3*h. Let n be a(10). Suppose -r = 15 - n. Calculate the highest common divisor of 5 and r.
5
Let b(q) = -q**2 + 23*q - 2. Let d be b(7). Suppose -26 = -3*a + 4. What is the greatest common factor of a and d?
10
Let s be 4/3*12/8. Calculate the highest common factor of s and 4.
2
Suppose 0 = 6*u + 5*u - 3509. Calculate the highest common divisor of 29 and u.
29
Let a(t) = 13*t - 2. Let h be a(2). Let b = 51 - -9. What is the greatest common factor of h and b?
12
Suppose -k = 2*w + 2, -5*w - 5*k - 6 = 4. Let p = w + 7. Calculate the highest common factor of p and 1.
1
Let k(h) = h**3 + 2*h**2 + 18. Let b be k(0). What is the highest common factor of b and 9?
9
Let b(v) = -63*v**3 + v**2 + v - 1. Let h be b(1). Let n = h - -127. Calculate the greatest common factor of n and 26.
13
Let w(s) = 12*s. Let q be w(3). What is the greatest common factor of q and 12?
12
Let u(w) = 4*w**2 + w + 2. Let m be u(-3). Let s = m - -1. What is the greatest common factor of s and 24?
12
Let w be 10*6/12*23. What is the greatest common divisor of 5 and w?
5
Suppose -4*v = a - 27, 2*v - 6*v = -2*a - 30. Calculate the highest common divisor of v and 7.
7
Let d be (0 + 1)/(2/4). Let g = 11 + 3. Calculate the greatest common factor of g and d.
2
Suppose u = 2*t - 101, -265 = 3*t - 8*t + 5*u. Suppose 0 = b + 2*y - 9, 6*y = -4*b + y + t. Calculate the greatest common factor of 68 and b.
17
Let v(u) = 5*u - 2*u**2 - 2*u**3 + 8*u**2 + u**3. Let b be v(5). Calculate the highest common factor of b and 10.
10
Let o be (3 + 2 + -4)*5. Suppose 2*c = -3*c + o. Suppose -5*x = -2*x - 3. Calculate the highest common divisor of x and c.
1
Suppose 0 = 3*h + 4*w - 119, -107 = -3*h - 0*w + 2*w. Let f = -23 + h. Calculate the greatest common divisor of f and 126.
14
Suppose 14 + 1 = z + 2*h, 68 = 5*z + 3*h. Suppose -g + i + 7 = 0, 4*g = -2*i + 7*i + 30. Suppose -g = -k + 8. Calculate the greatest common factor of k and z.
13
Suppose 0 = -7*o + 2*o + 4*i + 39, -5*o + 75 = 5*i. Let w = o - -61. What is the greatest common factor of 8 and w?
8
Suppose 2 = 3*a - 1. Suppose -5 + a = -s. Suppose 